ors of 7550.
2, 5, 151
What are the prime factors of 66981?
3, 83, 269
List the prime factors of 821880.
2, 3, 5, 761
What are the prime factors of 22278984?
2, 3, 7, 13, 101
What are the prime factors of 62385?
3, 5, 4159
What are the prime factors of 12064005?
3, 5, 89363
What are the prime factors of 1688797?
11, 17, 821
What are the prime factors of 12065?
5, 19, 127
What are the prime factors of 782502?
2, 3, 7, 31, 601
What are the prime factors of 255880?
2, 5, 6397
List the prime factors of 6274769.
19, 131, 2521
List the prime factors of 1236781.
7, 13, 13591
List the prime factors of 4117141.
7, 31, 18973
What are the prime factors of 25563607?
19, 1345453
List the prime factors of 36854215.
5, 17, 29, 14951
List the prime factors of 684987.
3, 41, 5569
What are the prime factors of 8378935?
5, 1675787
What are the prime factors of 3035833?
3035833
List the prime factors of 425409.
3, 141803
List the prime factors of 2377082.
2, 97, 12253
List the prime factors of 212999.
212999
What are the prime factors of 406572?
2, 3, 17, 1993
List the prime factors of 1060305.
3, 5, 70687
What are the prime factors of 84952?
2, 7, 37, 41
What are the prime factors of 5469543?
3, 607727
What are the prime factors of 1363876?
2, 17, 31, 647
List the prime factors of 1161391.
7, 11, 15083
What are the prime factors of 2794201?
23, 121487
List the prime factors of 6217776.
2, 3, 37, 389
List the prime factors of 6972937.
2347, 2971
What are the prime factors of 324?
2, 3
What are the prime factors of 171165?
3, 5, 11411
What are the prime factors of 436397?
13, 33569
List the prime factors of 2098090.
2, 5, 209809
What are the prime factors of 4441080?
2, 3, 5, 7, 17, 311
List the prime factors of 4943710.
2, 5, 43, 11497
List the prime factors of 19813088.
2, 619159
List the prime factors of 932042.
2, 17, 79, 347
What are the prime factors of 711392?
2, 11, 43, 47
List the prime factors of 60249.
3, 7, 19, 151
List the prime factors of 117312.
2, 3, 13, 47
List the prime factors of 5931495.
3, 5, 53, 829
What are the prime factors of 29759634?
2, 3, 1653313
What are the prime factors of 856776?
2, 3, 29, 1231
List the prime factors of 6664915.
5, 19, 70157
List the prime factors of 416704.
2, 17, 383
What are the prime factors of 7813925?
5, 7, 44651
List the prime factors of 22097.
19, 1163
What are the prime factors of 618241?
13, 19, 2503
What are the prime factors of 917542?
2, 149, 3079
What are the prime factors of 4117947?
3, 31, 44279
List the prime factors of 11325255.
3, 5, 857, 881
What are the prime factors of 1384272?
2, 3, 9613
What are the prime factors of 5344055?
5, 1068811
What are the prime factors of 7147109?
7147109
What are the prime factors of 6457564?
2, 1614391
What are the prime factors of 12483379?
313, 39883
What are the prime factors of 711817?
711817
What are the prime factors of 6221622?
2, 3, 11, 107, 881
List the prime factors of 7404269.
223, 33203
What are the prime factors of 4332135?
3, 5, 337, 857
List the prime factors of 612489.
3, 204163
What are the prime factors of 15560018?
2, 397, 19597
What are the prime factors of 831702?
2, 3, 138617
What are the prime factors of 908582?
2, 17, 26723
List the prime factors of 227643.
3, 13, 449
What are the prime factors of 2811194?
2, 1405597
What are the prime factors of 216702?
2, 3, 4013
What are the prime factors of 475164?
2, 3, 67, 197
What are the prime factors of 27054790?
2, 5, 7, 523, 739
List the prime factors of 21674553.
3, 97, 211, 353
List the prime factors of 1082751.
3, 233, 1549
List the prime factors of 5134838.
2, 149, 17231
List the prime factors of 1018588.
2, 254647
List the prime factors of 2531246.
2, 1265623
List the prime factors of 23120130.
2, 3, 5, 11, 70061
List the prime factors of 4834569.
3, 19, 89, 953
List the prime factors of 363922.
2, 13, 13997
List the prime factors of 11043.
3, 409
List the prime factors of 19564.
2, 67, 73
What are the prime factors of 4543452?
2, 3, 37, 379
What are the prime factors of 6799349?
47, 144667
What are the prime factors of 1448668?
2, 13, 2143
List the prime factors of 123979.
123979
What are the prime factors of 11459135?
5, 2291827
List the prime factors of 254680.
2, 5, 6367
List the prime factors of 343625.
5, 2749
What are the prime factors of 251613?
3, 9319
List the prime factors of 403048.
2, 83, 607
What are the prime factors of 2350678?
2, 11, 59, 1811
List the prime factors of 128989.
7, 18427
List the prime factors of 1819536.
2, 3, 37907
List the prime factors of 215878.
2, 13, 19, 23
List the prime factors of 558634.
2, 279317
List the prime factors of 252003.
3, 167, 503
What are the prime factors of 3794100?
2, 3, 5, 12647
List the prime factors of 630686.
2, 7, 19, 2371
List the prime factors of 2793632.
2, 67, 1303
What are the prime factors of 194421?
3, 229, 283
List the prime factors of 1392465.
3, 5, 92831
What are the prime factors of 10400796?
2, 3, 7, 149, 277
List the prime factors of 4725330.
2, 3, 5, 31, 5081
List the prime factors of 708251.
708251
What are the prime factors of 62639?
62639
List the prime factors of 2825317.
11, 419, 613
List the prime factors of 17297143.
17, 1017479
What are the prime factors of 1959542?
2, 13, 75367
List the prime factors of 802470.
2, 3, 5, 23, 1163
List the prime factors of 310133.
103, 3011
List the prime factors of 19462006.
2, 83, 117241
List the prime factors of 6803317.
1459, 4663
What are the prime factors of 3584842?
2, 1019, 1759
What are the prime factors of 4799515?
5, 7, 241, 569
What are the prime factors of 110256?
2, 3, 2297
List the prime factors of 237107.
13, 23, 61
List the prime factors of 1162448.
2, 7, 97, 107
What are the prime factors of 17381861?
7, 167, 14869
List the prime factors of 301601.
301601
What are the prime factors of 7085201?
89, 79609
List the prime factors of 1627972.
2, 406993
What are the prime factors of 1595566?
2, 7, 113969
What are the prime factors of 23549400?
2, 3, 5, 7, 89
List the prime factors of 3576261.
3, 13, 107, 857
List the prime factors of 616823.
97, 6359
What are the prime factors of 424597?
424597
List the prime factors of 3123442.
2, 7, 223103
List the prime factors of 16539521.
17, 71, 193
List the prime factors of 1149589.
7, 29, 809
List the prime factors of 3993702.
2, 3, 665617
List the prime factors of 1034751.
3, 344917
What are the prime factors of 8741382?
2, 3, 13, 112069
What are the prime factors of 820111?
23, 181, 197
List the prime factors of 703110.
2, 3, 5, 23, 1019
What are the prime factors of 742976?
2, 13, 19, 47
What are the prime factors of 213473?
13, 16421
What are the prime factors of 194230?
2, 5, 19423
List the prime factors of 43225.
5, 7, 13, 19
List the prime factors of 386502.
2, 3, 37, 1741
List the prime factors of 681353.
467, 1459
List the prime factors of 43558.
2, 29, 751
What are the prime factors of 782568?
2, 3, 3623
What are the prime factors of 29695444?
2, 2683, 2767
List the prime factors of 91562.
2, 17, 2693
List the prime factors of 169475.
5, 6779
List the prime factors of 487556.
2, 121889
What are the prime factors of 7700826?
2, 3, 7, 181, 1013
What are the prime factors of 32515842?
2, 3, 5419307
What are the prime factors of 832667?
11, 59, 1283
List the prime factors of 197617.
7, 37, 109
What are the prime factors of 580410?
2, 3, 5, 6449
What are the prime factors of 1355482?
2, 23, 79, 373
What are the prime factors of 547772?
2, 136943
List the prime factors of 3670473.
3, 1223491
What are the prime factors of 465713?
31, 83, 181
What are the prime factors of 5823246?
2, 3, 11, 13, 617
List the prime factors of 157235.
5, 13, 41, 59
List the prime factors of 11117647.
11117647
List the prime factors of 222604.
2, 19, 29, 101
List the prime factors of 401472.
2, 3, 17, 41
List the prime factors of 249827.
249827
What are the prime factors of 1000636?
2, 7, 13, 2749
List the prime factors of 604591.
13, 46507
What are the prime factors of 150761?
13, 11597
What are the prime factors of 549726?
2, 3, 91621
List the prime factors of 76809.
3, 25603
List the prime factors of 29244.
2, 3, 2437
What are the prime factors of 1546305?
3, 5, 103087
What are the prime factors of 90757?
47, 1931
List the prime facto